he tens digit of 238?
3
What is the ten thousands digit of 43670?
4
What is the hundreds digit of 812?
8
What is the units digit of 8348?
8
What is the tens digit of 870?
7
What is the tens digit of 16942?
4
What is the thousands digit of 20402?
0
What is the thousands digit of 4851?
4
What is the thousands digit of 39702?
9
What is the tens digit of 1592?
9
What is the units digit of 686?
6
What is the hundred thousands digit of 110834?
1
What is the ten thousands digit of 12382?
1
What is the tens digit of 4861?
6
What is the units digit of 326?
6
What is the hundreds digit of 474?
4
What is the thousands digit of 3643?
3
What is the ten thousands digit of 10647?
1
What is the tens digit of 204230?
3
What is the hundreds digit of 55487?
4
What is the hundreds digit of 685?
6
What is the thousands digit of 1069?
1
What is the units digit of 4349?
9
What is the hundreds digit of 4122?
1
What is the ten thousands digit of 21961?
2
What is the tens digit of 57?
5
What is the units digit of 32404?
4
What is the tens digit of 808?
0
What is the hundreds digit of 2516?
5
What is the tens digit of 7451?
5
What is the units digit of 1104?
4
What is the hundreds digit of 6332?
3
What is the tens digit of 229?
2
What is the hundreds digit of 419?
4
What is the thousands digit of 11077?
1
What is the units digit of 544?
4
What is the thousands digit of 15294?
5
What is the units digit of 6441?
1
What is the hundreds digit of 203?
2
What is the thousands digit of 5236?
5
What is the ten thousands digit of 11101?
1
What is the units digit of 1114?
4
What is the tens digit of 1806?
0
What is the hundreds digit of 4301?
3
What is the tens digit of 3574?
7
What is the tens digit of 2018?
1
What is the units digit of 28979?
9
What is the units digit of 17269?
9
What is the tens digit of 178935?
3
What is the thousands digit of 10412?
0
What is the hundreds digit of 4994?
9
What is the hundreds digit of 98247?
2
What is the tens digit of 339?
3
What is the thousands digit of 17762?
7
What is the tens digit of 1984?
8
What is the hundreds digit of 992?
9
What is the hundreds digit of 256?
2
What is the thousands digit of 57251?
7
What is the hundreds digit of 633?
6
What is the ten thousands digit of 44188?
4
What is the units digit of 4014?
4
What is the tens digit of 1125?
2
What is the hundreds digit of 17886?
8
What is the tens digit of 77184?
8
What is the hundreds digit of 1241?
2
What is the tens digit of 16853?
5
What is the thousands digit of 24916?
4
What is the units digit of 8802?
2
What is the tens digit of 255?
5
What is the hundreds digit of 214?
2
What is the hundreds digit of 34950?
9
What is the thousands digit of 25722?
5
What is the tens digit of 388?
8
What is the units digit of 161992?
2
What is the hundreds digit of 11123?
1
What is the units digit of 5479?
9
What is the thousands digit of 2653?
2
What is the thousands digit of 15855?
5
What is the hundreds digit of 5673?
6
What is the ten thousands digit of 39639?
3
What is the hundreds digit of 6175?
1
What is the ten thousands digit of 21941?
2
What is the units digit of 67332?
2
What is the thousands digit of 24599?
4
What is the hundreds digit of 827?
8
What is the ten thousands digit of 19618?
1
What is the thousands digit of 11546?
1
What is the hundreds digit of 34395?
3
What is the hundreds digit of 2060?
0
What is the tens digit of 79430?
3
What is the thousands digit of 11841?
1
What is the tens digit of 13425?
2
What is the tens digit of 44?
4
What is the thousands digit of 3202?
3
What is the thousands digit of 39064?
9
What is the tens digit of 27?
2
What is the thousands digit of 2321?
2
What is the units digit of 972?
2
What is the hundreds digit of 4857?
8
What is the units digit of 75641?
1
What is the tens digit of 3733?
3
What is the hundreds digit of 3875?
8
What is the thousands digit of 60175?
0
What is the thousands digit of 2069?
2
What is the ten thousands digit of 15946?
1
What is the units digit of 133374?
4
What is the tens digit of 207939?
3
What is the ten thousands digit of 75677?
7
What is the hundreds digit of 4517?
5
What is the hundreds digit of 2674?
6
What is the thousands digit of 2969?
2
What is the tens digit of 2891?
9
What is the hundreds digit of 9615?
6
What is the units digit of 11142?
2
What is the units digit of 2199?
9
What is the tens digit of 3928?
2
What is the tens digit of 64?
6
What is the units digit of 295?
5
What is the tens digit of 283?
8
What is the units digit of 33813?
3
What is the thousands digit of 1263?
1
What is the units digit of 1253?
3
What is the thousands digit of 16365?
6
What is the tens digit of 3019?
1
What is the hundreds digit of 510?
5
What is the hundreds digit of 11941?
9
What is the tens digit of 15150?
5
What is the tens digit of 216?
1
What is the hundreds digit of 4833?
8
What is the hundreds digit of 98565?
5
What is the thousands digit of 4317?
4
What is the ten thousands digit of 92962?
9
What is the hundreds digit of 528?
5
What is the tens digit of 1914?
1
What is the units digit of 16060?
0
What is the tens digit of 687?
8
What is the units digit of 1310?
0
What is the hundreds digit of 17776?
7
What is the hundreds digit of 426?
4
What is the thousands digit of 3482?
3
What is the units digit of 57592?
2
What is the hundreds digit of 32163?
1
What is the hundreds digit of 458?
4
What is the hundreds digit of 16299?
2
What is the hundreds digit of 143520?
5
What is the hundreds digit of 2638?
6
What is the thousands digit of 11375?
1
What is the ten thousands digit of 27358?
2
What is the thousands digit of 82939?
2
What is the thousands digit of 1281?
1
What is the units digit of 17732?
2
What is the units digit of 472?
2
What is the tens digit of 145?
4
What is the units digit of 4962?
2
What is the units digit of 354?
4
What is the thousands digit of 1582?
1
What is the hundreds digit of 25909?
9
What is the units digit of 833?
3
What is the units digit of 4387?
7
What is the tens digit of 112311?
1
What is the hundreds digit of 1078?
0
What is the hundreds digit of 3385?
3
What is the units digit of 9084?
4
What is the units digit of 25083?
3
What is the tens digit of 13299?
9
What is the thousands digit of 11782?
1
What is the tens digit of 47689?
8
What is the hundreds digit of 81170?
1
What is the units digit of 31?
1
What is the units digit of 7073?
3
What is the thousands digit of 95365?
5
What is the tens digit of 794?
9
What is the thousands digit of 11491?
1
What is the units digit of 2665?
5
What is the thousands digit of 8241?
8
What is the hundreds digit of 58615?
6
What is the units digit of 6304?
4
What is the hundreds digit of 436?
4
What is the tens digit of 2390?
9
What is the tens digit of 10745?
4
What is the tens digit of 5625?
2
What is the tens digit of 982?
8
What is the units digit of 631?
1
What is the hundreds digit of 1243?
2
What is the hundreds digit of 16094?
0
What is the thousands digit of 7648?
7
What is the tens digit of 449?
4
What is the hundreds digit of 409?
4
What is the units digit of 69201?
1
What is the ten thousands digit of 19115?
1
What is the units digit of 115463?
3
What is the thousands digit of 6191?
6
What is the thousands digit of 10185?
0
What is the tens digit of 5177?
7
What is the tens digit of 988?
8
What is the thousands digit of 23068?
3
What is the hundreds digit of 32689?
6
What is the tens digit of 41869?
6
What is the units digit of 33617?
7
What is the tens digit of 4249?
4
What is the units digit of 803?
3
What is the hundreds digit of 4318?
3
What is the thousands digit of 36352?
6
What is the thousands digit of 84188?
4
What is the units digit of 100?
0
What is the hundreds digit of 18833?
8
What is the thousands digit of 10325?
0
What is the hundreds digit of 742?
7
What is the units digit of 55419?
9
What is the units digit of 2409?
9
What is the units digit of 8017?
7
What is the tens digit of 1548?
4
What is the hundreds digit of 3022?
0
What is the hundreds digit of 5601?
6
What is the thousands digit of 42963?
2
What is the thousands digit of 4498?
4
What is the units digit of 6957?
7
What is the units digit of 11775?
5
What is the ten thousands digit of 10583?
1
What is the ten thousands digit of 46470?
4
What is the u